
{"id":80,"date":"2017-12-05T12:08:13","date_gmt":"2017-12-05T11:08:13","guid":{"rendered":"https:\/\/przedszkole1.edu.wroclaw.pl\/?page_id=80"},"modified":"2022-04-07T13:41:12","modified_gmt":"2022-04-07T11:41:12","slug":"historia-przedszkola","status":"publish","type":"page","link":"https:\/\/przedszkole1.edu.wroclaw.pl\/index.php\/o-przedszkolu\/historia-przedszkola\/","title":{"rendered":"Historia przedszkola"},"content":{"rendered":"<div class=\"wpb-content-wrapper\"><p>[vc_row][vc_column][vc_column_text css_animation=&#8221;flipInX&#8221;]<span style=\"font-size: 18pt;\">Przedszkole nr 1 \u201ePlaneta U\u015bmiechu\u201d powsta\u0142o, jako pierwsze w powojennym Wroc\u0142awiu, pod koniec 1945 r. Istnia\u0142a w nim jedna grupa przedszkolna. Pocz\u0105tki funkcjonowania plac\u00f3wki by\u0142y bardzo trudne ze wzgl\u0119du na ubogie wyposa\u017cenie oraz brak funduszy.<\/span><\/p>\n<p><span style=\"font-size: 18pt;\">Dopiero gdy w 1954 r. przedszkola sta\u0142y si\u0119 jednostkami bud\u017cetowymi, plac\u00f3wka uzupe\u0142nia\u0142a brakuj\u0105cy sprz\u0119t na potrzeby ucz\u0119szczaj\u0105cych do niej dzieci. Wtedy te\u017c powsta\u0142a jeszcze jedna grupa przedszkolna.<\/span><\/p>\n<p><span style=\"font-size: 18pt;\">Na pocz\u0105tku lat sze\u015b\u0107dziesi\u0105tych wprowadzono zaj\u0119cia z zakresu wychowania artystycznego. Personel dostrzeg\u0142, \u017ce teatr stymuluj\u0105co wp\u0142ywa na rozw\u00f3j aktywno\u015bci tw\u00f3rczej dziecka, w zwi\u0105zku z tym idea ta jest kontynuowana do dzi\u015b. Wychowankowie plac\u00f3wki prezentuj\u0105 swoje umiej\u0119tno\u015bci przed innymi grupami podczas r\u00f3\u017cnych uroczysto\u015bci przedszkola, a tak\u017ce bior\u0105 udzia\u0142 w Przegl\u0105dzie Teatr\u00f3w Przedszkolnych, Festiwalu \u015apiewaj\u0105cych Przedszkolak\u00f3w, Festiwalu Ta\u0144cz\u0105cych Przedszkolak\u00f3w oraz wielu innych konkursach plastycznych.<\/span><br \/>\n<span style=\"font-size: 18pt;\">W latach 1968\u20131973 plac\u00f3wka uczestniczy\u0142a w \u201eZlotach Przedszkolak\u00f3w\u201d, organizowanych co rok w&nbsp;r\u00f3\u017cnych miejscach Wroc\u0142awia.<\/span><\/p>\n<p><span style=\"font-size: 18pt;\">Przedszkole przez wszystkie lata by\u0142o otwarte dla ludzi m\u0142odych, przygotowuj\u0105cych si\u0119 do zawodu wychowawcy w przedszkolu. Od 1973 r. swoje praktyki odbywa\u0142y s\u0142uchaczki Studium Wychowania Przedszkolnego, natomiast od blisko 30 lat maj\u0105 miejsce miesi\u0119czne praktyki dla student\u00f3w Uniwersytetu Wroc\u0142awskiego i Kolegium Nauczycielskiego.<\/span><\/p>\n<p><span style=\"font-size: 18pt;\">Na czas remontu kapitalnego budynku przy ulicy J. Kasprowicza w listopadzie 1977 r. plac\u00f3wka zostaje przeniesiona do budynku przy ulicy S. Przybyszewskiego 59.<\/span><\/p>\n<p><span style=\"font-size: 18pt;\">W zwi\u0105zku z rozbudow\u0105 osiedla Kar\u0142owice oraz zwi\u0119kszonym zainteresowaniem rodzic\u00f3w na opiek\u0119 przedszkoln\u0105 zaadaptowano kolejne pomieszczenia i utworzono dodatkowe grupy przedszkolne. W 1986 r. plac\u00f3wka powraca do \u201enowego\u201d budynku przy ulicy J. Kasprowicza, zaadaptowanego na trzy grupy przedszkolne.<\/span><\/p>\n<p><span style=\"font-size: 18pt;\">Ponadto we wrze\u015bniu 1980r. powstaje filia plac\u00f3wki tzw. \u201eognisko przedszkolne\u201d przy ulicy Koszarowej 70, kt\u00f3re obejmowa\u0142o edukacj\u0105 dwie grupy dzieci 6-letnich.<\/span><br \/>\n<span style=\"font-size: 18pt;\">Oddzia\u0142y te zosta\u0142y zlikwidowane w 1992 r. z chwil\u0105 przej\u0119cia przedszkoli przez Gmin\u0119 Wroc\u0142aw.<\/span><br \/>\n<span style=\"font-size: 18pt;\">W budynku przy ulicy J. Kasprowicza zostaje utworzony czwarty oddzia\u0142 dla \u201ezer\u00f3wki\u201d.<\/span><\/p>\n<p><span style=\"font-size: 18pt;\">Od ponad 20 lat plac\u00f3wka wsp\u00f3\u0142pracuje ze Szko\u0142\u0105 Podstawow\u0105 nr 83 we Wroc\u0142awiu.<\/span><br \/>\n<span style=\"font-size: 18pt;\">Dzieci z najstarszej grupy bior\u0105 udzia\u0142 w lekcjach klas pierwszych i prezentuj\u0105 prace plastyczne na terenie szko\u0142y.<\/span><br \/>\n<span style=\"font-size: 18pt;\">Przedszkole zaprasza uczni\u00f3w klas I\u2013III na spektakle teatralne w wykonaniu ka\u017cdej z grup przedszkolnych.<\/span>[\/vc_column_text][\/vc_column][\/vc_row]<\/p>\n<\/div>","protected":false},"excerpt":{"rendered":"<p>[vc_row][vc_column][vc_column_text css_animation=&#8221;flipInX&#8221;]Przedszkole nr 1 \u201ePlaneta U\u015bmiechu\u201d powsta\u0142o, jako pierwsze w powojennym Wroc\u0142awiu, pod koniec 1945 r. Istnia\u0142a w nim jedna grupa przedszkolna. Pocz\u0105tki funkcjonowania plac\u00f3wki by\u0142y bardzo trudne ze wzgl\u0119du [&hellip;]<\/p>\n","protected":false},"author":72,"featured_media":0,"parent":72,"menu_order":0,"comment_status":"closed","ping_status":"closed","template":"","meta":{"ngg_post_thumbnail":0,"footnotes":""},"class_list":["post-80","page","type-page","status-publish","hentry","clearfix"],"_links":{"self":[{"href":"https:\/\/przedszkole1.edu.wroclaw.pl\/index.php\/wp-json\/wp\/v2\/pages\/80","targetHints":{"allow":["GET"]}}],"collection":[{"href":"https:\/\/przedszkole1.edu.wroclaw.pl\/index.php\/wp-json\/wp\/v2\/pages"}],"about":[{"href":"https:\/\/przedszkole1.edu.wroclaw.pl\/index.php\/wp-json\/wp\/v2\/types\/page"}],"author":[{"embeddable":true,"href":"https:\/\/przedszkole1.edu.wroclaw.pl\/index.php\/wp-json\/wp\/v2\/users\/72"}],"replies":[{"embeddable":true,"href":"https:\/\/przedszkole1.edu.wroclaw.pl\/index.php\/wp-json\/wp\/v2\/comments?post=80"}],"version-history":[{"count":5,"href":"https:\/\/przedszkole1.edu.wroclaw.pl\/index.php\/wp-json\/wp\/v2\/pages\/80\/revisions"}],"predecessor-version":[{"id":2497,"href":"https:\/\/przedszkole1.edu.wroclaw.pl\/index.php\/wp-json\/wp\/v2\/pages\/80\/revisions\/2497"}],"up":[{"embeddable":true,"href":"https:\/\/przedszkole1.edu.wroclaw.pl\/index.php\/wp-json\/wp\/v2\/pages\/72"}],"wp:attachment":[{"href":"https:\/\/przedszkole1.edu.wroclaw.pl\/index.php\/wp-json\/wp\/v2\/media?parent=80"}],"curies":[{"name":"wp","href":"https:\/\/api.w.org\/{rel}","templated":true}]}}