
{"id":86,"date":"2017-12-05T12:10:01","date_gmt":"2017-12-05T11:10:01","guid":{"rendered":"https:\/\/przedszkole1.edu.wroclaw.pl\/?page_id=86"},"modified":"2022-04-07T14:07:27","modified_gmt":"2022-04-07T12:07:27","slug":"imprezy-i-uroczystosci","status":"publish","type":"page","link":"https:\/\/przedszkole1.edu.wroclaw.pl\/index.php\/o-przedszkolu\/imprezy-i-uroczystosci\/","title":{"rendered":"Imprezy i uroczysto\u015bci"},"content":{"rendered":"<div class=\"wpb-content-wrapper\"><p>[vc_row][vc_column][vc_column_text css_animation=&#8221;zoomInUp&#8221;]<\/p>\n<h3><span style=\"font-size: 18pt;\">IMPREZY I UROCZYSTO\u015aCI ORGANIZOWANE W PRZEDSZKOLU<\/span><\/h3>\n<ul>\n<li><span style=\"font-size: 18pt;\">wycieczki autokarowe,<\/span><\/li>\n<li><span style=\"font-size: 18pt;\">koncerty muzyczne,<\/span><\/li>\n<li><span style=\"font-size: 18pt;\">pasowanie na przedszkolaka,<\/span><\/li>\n<li><span style=\"font-size: 18pt;\">Dzie\u0144 Praw Dziecka,<\/span><\/li>\n<li><span style=\"font-size: 18pt;\">Dzie\u0144 \u017byczliwo\u015bci,<\/span><\/li>\n<li><span style=\"font-size: 18pt;\">Dzie\u0144 Pluszowego Misia,<\/span><\/li>\n<li><span style=\"font-size: 18pt;\">spotkanie ze \u015bw. Miko\u0142ajem,<\/span><\/li>\n<li><span style=\"font-size: 18pt;\">kiermasz bo\u017conarodzeniowy oraz wielkanocny,<\/span><\/li>\n<li><span style=\"font-size: 18pt;\">uroczyste zapalenie choinki,<\/span><\/li>\n<li><span style=\"font-size: 18pt;\">Dzie\u0144 Babci i Dzie\u0144 Dziadka,<\/span><\/li>\n<li><span style=\"font-size: 18pt;\">bal karnawa\u0142owy,<\/span><\/li>\n<li><span style=\"font-size: 18pt;\">wewn\u0119trzny przegl\u0105d teatralny,<\/span><\/li>\n<li><span style=\"font-size: 18pt;\">powitanie wiosny,<\/span><\/li>\n<li><span style=\"font-size: 18pt;\">spotkanie z zaj\u0105czkiem,<\/span><\/li>\n<li><span style=\"font-size: 18pt;\">Dzie\u0144 Mamy i Dzie\u0144 Taty oraz Dzie\u0144 Dziecka,<\/span><\/li>\n<li><span style=\"font-size: 18pt;\">po\u017cegnanie dzieci odchodz\u0105cych z przedszkola,<\/span><\/li>\n<li><span style=\"font-size: 18pt;\">Dzie\u0144 Przedszkolaka,<\/span><\/li>\n<li><span style=\"font-size: 18pt;\">Bieg Przedszkolaka Planety U\u015bmiechu<\/span><\/li>\n<\/ul>\n<p>[\/vc_column_text][\/vc_column][\/vc_row][vc_row][vc_column][vc_column_text]<\/p>\n<p>[\/vc_column_text][\/vc_column][\/vc_row]<\/p>\n<\/div>","protected":false},"excerpt":{"rendered":"<p>[vc_row][vc_column][vc_column_text css_animation=&#8221;zoomInUp&#8221;] IMPREZY I UROCZYSTO\u015aCI ORGANIZOWANE W PRZEDSZKOLU wycieczki autokarowe, koncerty muzyczne, pasowanie na przedszkolaka, Dzie\u0144 Praw Dziecka, Dzie\u0144 \u017byczliwo\u015bci, Dzie\u0144 Pluszowego Misia, spotkanie ze \u015bw. Miko\u0142ajem, kiermasz bo\u017conarodzeniowy oraz [&hellip;]<\/p>\n","protected":false},"author":72,"featured_media":0,"parent":72,"menu_order":0,"comment_status":"closed","ping_status":"closed","template":"","meta":{"ngg_post_thumbnail":0,"footnotes":""},"class_list":["post-86","page","type-page","status-publish","hentry","clearfix"],"_links":{"self":[{"href":"https:\/\/przedszkole1.edu.wroclaw.pl\/index.php\/wp-json\/wp\/v2\/pages\/86","targetHints":{"allow":["GET"]}}],"collection":[{"href":"https:\/\/przedszkole1.edu.wroclaw.pl\/index.php\/wp-json\/wp\/v2\/pages"}],"about":[{"href":"https:\/\/przedszkole1.edu.wroclaw.pl\/index.php\/wp-json\/wp\/v2\/types\/page"}],"author":[{"embeddable":true,"href":"https:\/\/przedszkole1.edu.wroclaw.pl\/index.php\/wp-json\/wp\/v2\/users\/72"}],"replies":[{"embeddable":true,"href":"https:\/\/przedszkole1.edu.wroclaw.pl\/index.php\/wp-json\/wp\/v2\/comments?post=86"}],"version-history":[{"count":8,"href":"https:\/\/przedszkole1.edu.wroclaw.pl\/index.php\/wp-json\/wp\/v2\/pages\/86\/revisions"}],"predecessor-version":[{"id":2500,"href":"https:\/\/przedszkole1.edu.wroclaw.pl\/index.php\/wp-json\/wp\/v2\/pages\/86\/revisions\/2500"}],"up":[{"embeddable":true,"href":"https:\/\/przedszkole1.edu.wroclaw.pl\/index.php\/wp-json\/wp\/v2\/pages\/72"}],"wp:attachment":[{"href":"https:\/\/przedszkole1.edu.wroclaw.pl\/index.php\/wp-json\/wp\/v2\/media?parent=86"}],"curies":[{"name":"wp","href":"https:\/\/api.w.org\/{rel}","templated":true}]}}