
{"id":94,"date":"2017-12-05T12:11:49","date_gmt":"2017-12-05T11:11:49","guid":{"rendered":"https:\/\/przedszkole1.edu.wroclaw.pl\/?page_id=94"},"modified":"2026-02-17T14:31:37","modified_gmt":"2026-02-17T13:31:37","slug":"rekrutacja","status":"publish","type":"page","link":"https:\/\/przedszkole1.edu.wroclaw.pl\/index.php\/strefa-rodzica\/rekrutacja\/","title":{"rendered":"Rekrutacja"},"content":{"rendered":"<div class=\"wpb-content-wrapper\"><p>[vc_row][vc_column][vc_column_text css=&#8221;&#8221;]<strong><span style=\"font-size: 18pt\">REKRUTACJA 2026\/2027<\/span><\/strong><\/p>\n<p><span style=\"font-size: 18pt\">Rekrutacja prowadzona jest w systemie elektronicznym poprzez stron\u0119\u00a0<a id=\"LPlnk440297\" href=\"http:\/\/rekrutacje.edu.wroclaw.pl\/\">rekrutacje.edu.wroclaw.pl<\/a>\u00a0<\/span><\/p>\n<p>&nbsp;<\/p>\n<p><span style=\"font-size: 18pt\">Szczeg\u00f3\u0142y dotycz\u0105ce rekrutacji znajd\u0105 Pa\u0144stwo poni\u017cej:<\/span><\/p>\n<p><span style=\"font-size: 18pt\"><a href=\"https:\/\/przedszkole1.edu.wroclaw.pl\/wp-content\/uploads\/sites\/34\/2026\/02\/INFORMACJE-OGOLNE.pdf\"><span style=\"font-size: 14pt\">INFORMACJE OG\u00d3LNE<\/span><\/a><\/span><\/p>\n<p><span style=\"font-size: 14pt\"><a href=\"https:\/\/przedszkole1.edu.wroclaw.pl\/wp-content\/uploads\/sites\/34\/2026\/02\/HARMONOGRAM-DLA-RODZICOW-ETAP-PODSTAWOWY.pdf\">HARMONOGRAM DLA RODZIC\u00d3W &#8211; ETAP PODSTAWOWY<\/a><\/span><\/p>\n<p><span style=\"font-size: 14pt\"><a href=\"https:\/\/przedszkole1.edu.wroclaw.pl\/wp-content\/uploads\/sites\/34\/2026\/02\/HARMONOGRAM-DLA-RODZICOW-ETAP-UZUPELNIAJACY.pdf\">HARMONOGRAM DLA RODZICOW &#8211; ETAP UZUPE\u0141NIAJ\u0104CY<\/a><\/span><\/p>\n<p><span style=\"font-size: 14pt\"><a href=\"https:\/\/przedszkole1.edu.wroclaw.pl\/wp-content\/uploads\/sites\/34\/2026\/02\/KONTYNUACJA.pdf\">KONTYNUACJA<\/a><\/span><\/p>\n<p><span style=\"font-size: 14pt\"><a href=\"https:\/\/przedszkole1.edu.wroclaw.pl\/wp-content\/uploads\/sites\/34\/2026\/02\/KRYTERIA-.pdf\">KRYTERIA<\/a><\/span><\/p>\n<p><span style=\"font-size: 14pt\"><a href=\"https:\/\/przedszkole1.edu.wroclaw.pl\/wp-content\/uploads\/sites\/34\/2026\/02\/PODSTAWY-PRAWNE.pdf\">PODSTAWY PRAWNE<\/a><\/span><\/p>\n<p><span style=\"font-size: 14pt\"><a href=\"https:\/\/przedszkole1.edu.wroclaw.pl\/wp-content\/uploads\/sites\/34\/2026\/02\/UDZIAL-W-REKRUTACJI.pdf\">UDZIA\u0141 W REKRUTACJI<\/a><\/span><\/p>\n<p><span style=\"font-size: 14pt\"><a href=\"https:\/\/przedszkole1.edu.wroclaw.pl\/wp-content\/uploads\/sites\/34\/2026\/02\/DZIECI-O-SPECJALNYCH-POTRZEBACH.pdf\">DZIECI O SPECJALNYCH POTRZEBACH<\/a><\/span>[\/vc_column_text][\/vc_column][\/vc_row]<\/p>\n<\/div>","protected":false},"excerpt":{"rendered":"<p>[vc_row][vc_column][vc_column_text css=&#8221;&#8221;]REKRUTACJA 2026\/2027 Rekrutacja prowadzona jest w systemie elektronicznym poprzez stron\u0119\u00a0rekrutacje.edu.wroclaw.pl\u00a0 &nbsp; Szczeg\u00f3\u0142y dotycz\u0105ce rekrutacji znajd\u0105 Pa\u0144stwo poni\u017cej: INFORMACJE OG\u00d3LNE HARMONOGRAM DLA RODZIC\u00d3W &#8211; ETAP PODSTAWOWY HARMONOGRAM DLA RODZICOW &#8211; [&hellip;]<\/p>\n","protected":false},"author":72,"featured_media":0,"parent":74,"menu_order":0,"comment_status":"closed","ping_status":"closed","template":"","meta":{"ngg_post_thumbnail":0,"footnotes":""},"class_list":["post-94","page","type-page","status-publish","hentry","clearfix"],"_links":{"self":[{"href":"https:\/\/przedszkole1.edu.wroclaw.pl\/index.php\/wp-json\/wp\/v2\/pages\/94","targetHints":{"allow":["GET"]}}],"collection":[{"href":"https:\/\/przedszkole1.edu.wroclaw.pl\/index.php\/wp-json\/wp\/v2\/pages"}],"about":[{"href":"https:\/\/przedszkole1.edu.wroclaw.pl\/index.php\/wp-json\/wp\/v2\/types\/page"}],"author":[{"embeddable":true,"href":"https:\/\/przedszkole1.edu.wroclaw.pl\/index.php\/wp-json\/wp\/v2\/users\/72"}],"replies":[{"embeddable":true,"href":"https:\/\/przedszkole1.edu.wroclaw.pl\/index.php\/wp-json\/wp\/v2\/comments?post=94"}],"version-history":[{"count":25,"href":"https:\/\/przedszkole1.edu.wroclaw.pl\/index.php\/wp-json\/wp\/v2\/pages\/94\/revisions"}],"predecessor-version":[{"id":4435,"href":"https:\/\/przedszkole1.edu.wroclaw.pl\/index.php\/wp-json\/wp\/v2\/pages\/94\/revisions\/4435"}],"up":[{"embeddable":true,"href":"https:\/\/przedszkole1.edu.wroclaw.pl\/index.php\/wp-json\/wp\/v2\/pages\/74"}],"wp:attachment":[{"href":"https:\/\/przedszkole1.edu.wroclaw.pl\/index.php\/wp-json\/wp\/v2\/media?parent=94"}],"curies":[{"name":"wp","href":"https:\/\/api.w.org\/{rel}","templated":true}]}}